{"id":142,"date":"2022-08-23T18:20:55","date_gmt":"2022-08-23T16:20:55","guid":{"rendered":"https:\/\/aipc.pro\/?page_id=142"},"modified":"2024-05-08T13:48:43","modified_gmt":"2024-05-08T11:48:43","slug":"nos-services","status":"publish","type":"page","link":"https:\/\/aipc.pro\/index.php\/nos-services\/","title":{"rendered":"Nos services"},"content":{"rendered":"\n<div class=\"wp-block-group alignfull has-global-padding is-layout-constrained wp-container-core-group-is-layout-d89aad35 wp-block-group-is-layout-constrained\" style=\"margin-top:0;margin-bottom:0;padding-top:var(--wp--preset--spacing--50);padding-right:var(--wp--preset--spacing--50);padding-bottom:var(--wp--preset--spacing--50);padding-left:var(--wp--preset--spacing--50)\">\n<div class=\"wp-block-group alignwide has-global-padding is-layout-constrained wp-container-core-group-is-layout-19e250f3 wp-block-group-is-layout-constrained\">\n<div class=\"wp-block-group is-vertical is-content-justification-center is-layout-flex wp-container-core-group-is-layout-6329a8f3 wp-block-group-is-layout-flex\">\n<h2 class=\"wp-block-heading has-text-align-center is-style-default\">D\u00e9couvrez nos services<\/h2>\n\n\n\n<p class=\"has-text-align-center\">De l&rsquo;id\u00e9alisation \u00e0 la r\u00e9alisation, nous vous accompagnons pour la r\u00e9novation, la r\u00e9paration ou la cr\u00e9ation de vos id\u00e9es de salle de bain et de toilettes.<\/p>\n<\/div>\n\n\n\n<div style=\"height:var(--wp--preset--spacing--40)\" aria-hidden=\"true\" class=\"wp-block-spacer\"><\/div>\n\n\n\n<div class=\"wp-block-columns alignwide is-layout-flex wp-container-core-columns-is-layout-d1c656ed wp-block-columns-is-layout-flex\">\n<div class=\"wp-block-column is-layout-flow wp-block-column-is-layout-flow\" style=\"flex-basis:50%\">\n<figure class=\"wp-block-image size-large has-custom-border is-style-rounded is-style-rounded--1\"><img fetchpriority=\"high\" decoding=\"async\" width=\"768\" height=\"1024\" src=\"https:\/\/aipc.pro\/wp-content\/uploads\/2024\/05\/salle-de-bain-douche-baignoire-verte-768x1024.jpeg\" alt=\"Salle de bain avec douche, \u00e9vier et baignoire, Compi\u00e8gne, Oise (60)\" class=\"wp-image-407\" style=\"border-radius:0px\" srcset=\"https:\/\/aipc.pro\/wp-content\/uploads\/2024\/05\/salle-de-bain-douche-baignoire-verte-768x1024.jpeg 768w, https:\/\/aipc.pro\/wp-content\/uploads\/2024\/05\/salle-de-bain-douche-baignoire-verte-225x300.jpeg 225w, https:\/\/aipc.pro\/wp-content\/uploads\/2024\/05\/salle-de-bain-douche-baignoire-verte-1152x1536.jpeg 1152w, https:\/\/aipc.pro\/wp-content\/uploads\/2024\/05\/salle-de-bain-douche-baignoire-verte-1536x2048.jpeg 1536w, https:\/\/aipc.pro\/wp-content\/uploads\/2024\/05\/salle-de-bain-douche-baignoire-verte-scaled.jpeg 1920w\" sizes=\"(max-width: 768px) 100vw, 768px\" \/><figcaption class=\"wp-element-caption\">Salle de bain avec douche et baignoire, <strong>Compi\u00e8gne (60)<\/strong><\/figcaption><\/figure>\n<\/div>\n\n\n\n<div class=\"wp-block-column is-vertically-aligned-center is-layout-flow wp-block-column-is-layout-flow\" style=\"flex-basis:40%\">\n<h3 class=\"wp-block-heading is-style-default\">Salle de bain<\/h3>\n\n\n\n<ul style=\"line-height:1.75\" class=\"is-style-checkmark-list wp-block-list\">\n<li>Cr\u00e9ation de salle de bain<\/li>\n\n\n\n<li>R\u00e9novation de votre ancienne salle de bain<\/li>\n<\/ul>\n<\/div>\n<\/div>\n\n\n\n<div class=\"wp-block-columns alignwide is-layout-flex wp-container-core-columns-is-layout-d1c656ed wp-block-columns-is-layout-flex\">\n<div class=\"wp-block-column is-vertically-aligned-center is-layout-flow wp-block-column-is-layout-flow\" style=\"flex-basis:40%\">\n<h3 class=\"wp-block-heading is-style-default\">Toilettes<\/h3>\n\n\n\n<ul style=\"line-height:1.75\" class=\"is-style-checkmark-list wp-block-list\">\n<li>Pose d&rsquo;appareils sanitaires<\/li>\n\n\n\n<li>R\u00e9novation et cr\u00e9ation de toilettes<\/li>\n\n\n\n<li>Pose, carrelage, placoplatre<\/li>\n<\/ul>\n<\/div>\n\n\n\n<div class=\"wp-block-column is-layout-flow wp-block-column-is-layout-flow\" style=\"flex-basis:50%\">\n<figure class=\"wp-block-image size-large has-custom-border is-style-rounded is-style-rounded--2\"><img decoding=\"async\" width=\"768\" height=\"1024\" src=\"https:\/\/aipc.pro\/wp-content\/uploads\/2024\/05\/toilette-incruster-blanc-768x1024.jpeg\" alt=\"Toilette suspendu, plomberie, placoplatre et pose carrelage, Soissons, Aisne (02)\" class=\"wp-image-413\" style=\"border-radius:0px\" srcset=\"https:\/\/aipc.pro\/wp-content\/uploads\/2024\/05\/toilette-incruster-blanc-768x1024.jpeg 768w, https:\/\/aipc.pro\/wp-content\/uploads\/2024\/05\/toilette-incruster-blanc-225x300.jpeg 225w, https:\/\/aipc.pro\/wp-content\/uploads\/2024\/05\/toilette-incruster-blanc-1152x1536.jpeg 1152w, https:\/\/aipc.pro\/wp-content\/uploads\/2024\/05\/toilette-incruster-blanc-1536x2048.jpeg 1536w, https:\/\/aipc.pro\/wp-content\/uploads\/2024\/05\/toilette-incruster-blanc-scaled.jpeg 1920w\" sizes=\"(max-width: 768px) 100vw, 768px\" \/><figcaption class=\"wp-element-caption\">Toilette suspendu, plomberie, placoplatre et pose carrelage, <strong>Soissons (02)<\/strong><\/figcaption><\/figure>\n<\/div>\n<\/div>\n\n\n\n<div style=\"height:var(--wp--preset--spacing--40)\" aria-hidden=\"true\" class=\"wp-block-spacer\"><\/div>\n\n\n\n<div class=\"wp-block-columns alignwide is-layout-flex wp-container-core-columns-is-layout-d1c656ed wp-block-columns-is-layout-flex\">\n<div class=\"wp-block-column is-layout-flow wp-block-column-is-layout-flow\" style=\"flex-basis:50%\">\n<figure class=\"wp-block-image size-full has-custom-border is-style-rounded is-style-rounded--3\"><img decoding=\"async\" width=\"662\" height=\"800\" src=\"https:\/\/aipc.pro\/wp-content\/uploads\/2024\/05\/Capture-decran-2024-05-07-a-17.47.23.png\" alt=\"Installation d'un adoucisseur, plomberie et raccordement, Compi\u00e8gne, Oise (60)\" class=\"wp-image-494\" style=\"border-radius:0px\" srcset=\"https:\/\/aipc.pro\/wp-content\/uploads\/2024\/05\/Capture-decran-2024-05-07-a-17.47.23.png 662w, https:\/\/aipc.pro\/wp-content\/uploads\/2024\/05\/Capture-decran-2024-05-07-a-17.47.23-248x300.png 248w\" sizes=\"(max-width: 662px) 100vw, 662px\" \/><figcaption class=\"wp-element-caption\">Installation d&rsquo;un adoucisseur, plomberie et raccordement, Oise (60)<\/figcaption><\/figure>\n<\/div>\n\n\n\n<div class=\"wp-block-column is-vertically-aligned-center is-layout-flow wp-block-column-is-layout-flow\" style=\"flex-basis:40%\">\n<h3 class=\"wp-block-heading is-style-default\">Plomberie<\/h3>\n\n\n\n<ul style=\"line-height:1.75\" class=\"is-style-checkmark-list wp-block-list\">\n<li>Arriv\u00e9e d&rsquo;eau<\/li>\n\n\n\n<li>Pose de ballon d\u2019eau chaude<\/li>\n\n\n\n<li>Pose d\u2019adoucisseur<\/li>\n\n\n\n<li>R\u00e9seau pluviale et de puit<\/li>\n\n\n\n<li>Cr\u00e9ation et reprise de r\u00e9seaux<\/li>\n<\/ul>\n<\/div>\n<\/div>\n\n\n\n<div class=\"wp-block-columns alignwide is-layout-flex wp-container-core-columns-is-layout-d1c656ed wp-block-columns-is-layout-flex\">\n<div class=\"wp-block-column is-vertically-aligned-center is-layout-flow wp-block-column-is-layout-flow\" style=\"flex-basis:40%\">\n<h3 class=\"wp-block-heading is-style-default\">Chauffage<\/h3>\n\n\n\n<ul style=\"line-height:1.75\" class=\"is-style-checkmark-list wp-block-list\">\n<li>Pose de chaudi\u00e8re<\/li>\n\n\n\n<li>Plancher chauffant<\/li>\n\n\n\n<li>Curage et entretien de canalisation<\/li>\n<\/ul>\n<\/div>\n\n\n\n<div class=\"wp-block-column is-layout-flow wp-block-column-is-layout-flow\" style=\"flex-basis:50%\">\n<figure class=\"wp-block-image size-full has-custom-border is-style-rounded is-style-rounded--4\"><img loading=\"lazy\" decoding=\"async\" width=\"626\" height=\"694\" src=\"https:\/\/aipc.pro\/wp-content\/uploads\/2024\/05\/Capture-decran-2024-05-07-a-17.46.00.png\" alt=\"Installation d'une chaudi\u00e8re, Soissons, Aisne (02)\" class=\"wp-image-493\" style=\"border-radius:0px\" srcset=\"https:\/\/aipc.pro\/wp-content\/uploads\/2024\/05\/Capture-decran-2024-05-07-a-17.46.00.png 626w, https:\/\/aipc.pro\/wp-content\/uploads\/2024\/05\/Capture-decran-2024-05-07-a-17.46.00-271x300.png 271w\" sizes=\"(max-width: 626px) 100vw, 626px\" \/><figcaption class=\"wp-element-caption\">Installation d&rsquo;une chaudi\u00e8re, Aisne (02)<\/figcaption><\/figure>\n<\/div>\n<\/div>\n\n\n\n<div class=\"wp-block-columns alignwide is-layout-flex wp-container-core-columns-is-layout-d1c656ed wp-block-columns-is-layout-flex\">\n<div class=\"wp-block-column is-layout-flow wp-block-column-is-layout-flow\" style=\"flex-basis:50%\">\n<figure class=\"wp-block-image size-large is-resized has-custom-border is-style-rounded is-style-rounded--5\"><img loading=\"lazy\" decoding=\"async\" width=\"576\" height=\"1024\" src=\"https:\/\/aipc.pro\/wp-content\/uploads\/2024\/05\/315870753_114214501502475_7150711992568821838_n-576x1024.jpg\" alt=\"D\u00e9pannage et travaux d'assainissement, Chelles, Oise(60)\" class=\"wp-image-492\" style=\"border-radius:0px;aspect-ratio:4\/3;object-fit:cover;width:418px;height:auto\" srcset=\"https:\/\/aipc.pro\/wp-content\/uploads\/2024\/05\/315870753_114214501502475_7150711992568821838_n-576x1024.jpg 576w, https:\/\/aipc.pro\/wp-content\/uploads\/2024\/05\/315870753_114214501502475_7150711992568821838_n-169x300.jpg 169w, https:\/\/aipc.pro\/wp-content\/uploads\/2024\/05\/315870753_114214501502475_7150711992568821838_n.jpg 720w\" sizes=\"(max-width: 576px) 100vw, 576px\" \/><figcaption class=\"wp-element-caption\">D\u00e9pannage et travaux d&rsquo;assainissement,<strong> Chelles (60)<\/strong><\/figcaption><\/figure>\n<\/div>\n\n\n\n<div class=\"wp-block-column is-vertically-aligned-center is-layout-flow wp-block-column-is-layout-flow\" style=\"flex-basis:40%\">\n<h3 class=\"wp-block-heading is-style-default\">D\u00e9pannage<\/h3>\n\n\n\n<ul style=\"line-height:1.75\" class=\"is-style-checkmark-list wp-block-list\">\n<li>Fuites<\/li>\n\n\n\n<li>Urgences<\/li>\n\n\n\n<li>Travaux d&rsquo;assainissement<\/li>\n<\/ul>\n<\/div>\n<\/div>\n<\/div>\n<\/div>\n\n\n\n<div class=\"wp-block-group alignfull has-accent-background-color has-background has-global-padding is-layout-constrained wp-container-core-group-is-layout-d89aad35 wp-block-group-is-layout-constrained\" style=\"margin-top:0;margin-bottom:0;padding-top:var(--wp--preset--spacing--50);padding-right:var(--wp--preset--spacing--50);padding-bottom:var(--wp--preset--spacing--50);padding-left:var(--wp--preset--spacing--50)\">\n<h2 class=\"wp-block-heading has-text-align-center has-base-color has-text-color has-link-color has-x-large-font-size wp-elements-287c5cd2795d24d9494b2f27df152ac8\">Pr\u00eat \u00e0 concr\u00e9tiser votre projet?<\/h2>\n\n\n\n<p class=\"has-text-align-center has-text-color has-link-color wp-elements-077aba3fbf275d20401234d2a579bfe0\" style=\"color:#eaeaea\">Contactez-nous pour un devis gratuit et sans engagement.<\/p>\n\n\n\n<div class=\"wp-block-buttons is-content-justification-center is-layout-flex wp-container-core-buttons-is-layout-a89b3969 wp-block-buttons-is-layout-flex\">\n<div class=\"wp-block-button\"><a class=\"wp-block-button__link wp-element-button\" href=\"https:\/\/aipc.pro\/index.php\/nous-contacter\/\" style=\"border-radius:0px\">Demander un devis<\/a><\/div>\n<\/div>\n<\/div>\n","protected":false},"excerpt":{"rendered":"<p>D\u00e9couvrez nos services De l&rsquo;id\u00e9alisation \u00e0 la r\u00e9alisation, nous vous accompagnons pour la r\u00e9novation, la r\u00e9paration ou la cr\u00e9ation de vos id\u00e9es de salle de bain et de toilettes. Salle de bain Toilettes Plomberie Chauffage D\u00e9pannage Pr\u00eat \u00e0 concr\u00e9tiser votre projet? Contactez-nous pour un devis gratuit et sans engagement.<\/p>\n","protected":false},"author":1,"featured_media":0,"parent":0,"menu_order":0,"comment_status":"closed","ping_status":"closed","template":"page-no-title","meta":{"footnotes":""},"class_list":["post-142","page","type-page","status-publish","hentry"],"yoast_head":"<!-- This site is optimized with the Yoast SEO plugin v27.3 - https:\/\/yoast.com\/product\/yoast-seo-wordpress\/ -->\n<title>Plombier, chauffagiste et cr\u00e9ateur de salle de bain - Nos services - AIPC<\/title>\n<meta name=\"description\" content=\"AIPC a 12 ans d&#039;exp\u00e9riences en tant que plombier, chauffagiste, d\u00e9panneur et cr\u00e9ateur de salle de bain. Entre l&#039;Oise (60) et l&#039;Aisne (02).\" \/>\n<meta name=\"robots\" content=\"index, follow, max-snippet:-1, max-image-preview:large, max-video-preview:-1\" \/>\n<link rel=\"canonical\" href=\"https:\/\/aipc.pro\/index.php\/nos-services\/\" \/>\n<meta property=\"og:locale\" content=\"fr_FR\" \/>\n<meta property=\"og:type\" content=\"article\" \/>\n<meta property=\"og:title\" content=\"Plombier, chauffagiste et cr\u00e9ateur de salle de bain - Nos services - AIPC\" \/>\n<meta property=\"og:description\" content=\"AIPC a 12 ans d&#039;exp\u00e9riences en tant que plombier, chauffagiste, d\u00e9panneur et cr\u00e9ateur de salle de bain. Entre l&#039;Oise (60) et l&#039;Aisne (02).\" \/>\n<meta property=\"og:url\" content=\"https:\/\/aipc.pro\/index.php\/nos-services\/\" \/>\n<meta property=\"og:site_name\" content=\"AIPC\" \/>\n<meta property=\"article:modified_time\" content=\"2024-05-08T11:48:43+00:00\" \/>\n<meta property=\"og:image\" content=\"https:\/\/aipc.pro\/wp-content\/uploads\/2024\/05\/salle-de-bain-douche-baignoire-verte-768x1024.jpeg\" \/>\n<meta name=\"twitter:card\" content=\"summary_large_image\" \/>\n<meta name=\"twitter:label1\" content=\"Dur\u00e9e de lecture estim\u00e9e\" \/>\n\t<meta name=\"twitter:data1\" content=\"2 minutes\" \/>\n<script type=\"application\/ld+json\" class=\"yoast-schema-graph\">{\"@context\":\"https:\\\/\\\/schema.org\",\"@graph\":[{\"@type\":\"WebPage\",\"@id\":\"https:\\\/\\\/aipc.pro\\\/index.php\\\/nos-services\\\/\",\"url\":\"https:\\\/\\\/aipc.pro\\\/index.php\\\/nos-services\\\/\",\"name\":\"Plombier, chauffagiste et cr\u00e9ateur de salle de bain - Nos services - AIPC\",\"isPartOf\":{\"@id\":\"https:\\\/\\\/aipc.pro\\\/#website\"},\"primaryImageOfPage\":{\"@id\":\"https:\\\/\\\/aipc.pro\\\/index.php\\\/nos-services\\\/#primaryimage\"},\"image\":{\"@id\":\"https:\\\/\\\/aipc.pro\\\/index.php\\\/nos-services\\\/#primaryimage\"},\"thumbnailUrl\":\"https:\\\/\\\/aipc.pro\\\/wp-content\\\/uploads\\\/2024\\\/05\\\/salle-de-bain-douche-baignoire-verte-768x1024.jpeg\",\"datePublished\":\"2022-08-23T16:20:55+00:00\",\"dateModified\":\"2024-05-08T11:48:43+00:00\",\"description\":\"AIPC a 12 ans d'exp\u00e9riences en tant que plombier, chauffagiste, d\u00e9panneur et cr\u00e9ateur de salle de bain. Entre l'Oise (60) et l'Aisne (02).\",\"breadcrumb\":{\"@id\":\"https:\\\/\\\/aipc.pro\\\/index.php\\\/nos-services\\\/#breadcrumb\"},\"inLanguage\":\"fr-FR\",\"potentialAction\":[{\"@type\":\"ReadAction\",\"target\":[\"https:\\\/\\\/aipc.pro\\\/index.php\\\/nos-services\\\/\"]}]},{\"@type\":\"ImageObject\",\"inLanguage\":\"fr-FR\",\"@id\":\"https:\\\/\\\/aipc.pro\\\/index.php\\\/nos-services\\\/#primaryimage\",\"url\":\"https:\\\/\\\/aipc.pro\\\/wp-content\\\/uploads\\\/2024\\\/05\\\/salle-de-bain-douche-baignoire-verte-scaled.jpeg\",\"contentUrl\":\"https:\\\/\\\/aipc.pro\\\/wp-content\\\/uploads\\\/2024\\\/05\\\/salle-de-bain-douche-baignoire-verte-scaled.jpeg\",\"width\":1920,\"height\":2560,\"caption\":\"Salle de bain avec douche et baignoire, Compi\u00e8gne (60)\"},{\"@type\":\"BreadcrumbList\",\"@id\":\"https:\\\/\\\/aipc.pro\\\/index.php\\\/nos-services\\\/#breadcrumb\",\"itemListElement\":[{\"@type\":\"ListItem\",\"position\":1,\"name\":\"Accueil\",\"item\":\"https:\\\/\\\/aipc.pro\\\/\"},{\"@type\":\"ListItem\",\"position\":2,\"name\":\"Nos services\"}]},{\"@type\":\"WebSite\",\"@id\":\"https:\\\/\\\/aipc.pro\\\/#website\",\"url\":\"https:\\\/\\\/aipc.pro\\\/\",\"name\":\"AIPC\",\"description\":\"Avec plus de 12 ans d&#039;exp\u00e9rience, AIPC vous accompagne dans tous vos besoins de plomberie, chauffage, d\u00e9pannage et cr\u00e9ation de salle de bain, entre l&#039;Oise (60) et l&#039;Aisne (02) de Compi\u00e8gne \u00e0 Soissons.\",\"publisher\":{\"@id\":\"https:\\\/\\\/aipc.pro\\\/#organization\"},\"potentialAction\":[{\"@type\":\"SearchAction\",\"target\":{\"@type\":\"EntryPoint\",\"urlTemplate\":\"https:\\\/\\\/aipc.pro\\\/?s={search_term_string}\"},\"query-input\":{\"@type\":\"PropertyValueSpecification\",\"valueRequired\":true,\"valueName\":\"search_term_string\"}}],\"inLanguage\":\"fr-FR\"},{\"@type\":\"Organization\",\"@id\":\"https:\\\/\\\/aipc.pro\\\/#organization\",\"name\":\"AIPC\",\"url\":\"https:\\\/\\\/aipc.pro\\\/\",\"logo\":{\"@type\":\"ImageObject\",\"inLanguage\":\"fr-FR\",\"@id\":\"https:\\\/\\\/aipc.pro\\\/#\\\/schema\\\/logo\\\/image\\\/\",\"url\":\"https:\\\/\\\/aipc.pro\\\/wp-content\\\/uploads\\\/2022\\\/08\\\/cropped-td_logo_blanc_2.png\",\"contentUrl\":\"https:\\\/\\\/aipc.pro\\\/wp-content\\\/uploads\\\/2022\\\/08\\\/cropped-td_logo_blanc_2.png\",\"width\":1024,\"height\":1024,\"caption\":\"AIPC\"},\"image\":{\"@id\":\"https:\\\/\\\/aipc.pro\\\/#\\\/schema\\\/logo\\\/image\\\/\"}}]}<\/script>\n<!-- \/ Yoast SEO plugin. -->","yoast_head_json":{"title":"Plombier, chauffagiste et cr\u00e9ateur de salle de bain - Nos services - AIPC","description":"AIPC a 12 ans d'exp\u00e9riences en tant que plombier, chauffagiste, d\u00e9panneur et cr\u00e9ateur de salle de bain. Entre l'Oise (60) et l'Aisne (02).","robots":{"index":"index","follow":"follow","max-snippet":"max-snippet:-1","max-image-preview":"max-image-preview:large","max-video-preview":"max-video-preview:-1"},"canonical":"https:\/\/aipc.pro\/index.php\/nos-services\/","og_locale":"fr_FR","og_type":"article","og_title":"Plombier, chauffagiste et cr\u00e9ateur de salle de bain - Nos services - AIPC","og_description":"AIPC a 12 ans d'exp\u00e9riences en tant que plombier, chauffagiste, d\u00e9panneur et cr\u00e9ateur de salle de bain. Entre l'Oise (60) et l'Aisne (02).","og_url":"https:\/\/aipc.pro\/index.php\/nos-services\/","og_site_name":"AIPC","article_modified_time":"2024-05-08T11:48:43+00:00","og_image":[{"url":"https:\/\/aipc.pro\/wp-content\/uploads\/2024\/05\/salle-de-bain-douche-baignoire-verte-768x1024.jpeg","type":"","width":"","height":""}],"twitter_card":"summary_large_image","twitter_misc":{"Dur\u00e9e de lecture estim\u00e9e":"2 minutes"},"schema":{"@context":"https:\/\/schema.org","@graph":[{"@type":"WebPage","@id":"https:\/\/aipc.pro\/index.php\/nos-services\/","url":"https:\/\/aipc.pro\/index.php\/nos-services\/","name":"Plombier, chauffagiste et cr\u00e9ateur de salle de bain - Nos services - AIPC","isPartOf":{"@id":"https:\/\/aipc.pro\/#website"},"primaryImageOfPage":{"@id":"https:\/\/aipc.pro\/index.php\/nos-services\/#primaryimage"},"image":{"@id":"https:\/\/aipc.pro\/index.php\/nos-services\/#primaryimage"},"thumbnailUrl":"https:\/\/aipc.pro\/wp-content\/uploads\/2024\/05\/salle-de-bain-douche-baignoire-verte-768x1024.jpeg","datePublished":"2022-08-23T16:20:55+00:00","dateModified":"2024-05-08T11:48:43+00:00","description":"AIPC a 12 ans d'exp\u00e9riences en tant que plombier, chauffagiste, d\u00e9panneur et cr\u00e9ateur de salle de bain. Entre l'Oise (60) et l'Aisne (02).","breadcrumb":{"@id":"https:\/\/aipc.pro\/index.php\/nos-services\/#breadcrumb"},"inLanguage":"fr-FR","potentialAction":[{"@type":"ReadAction","target":["https:\/\/aipc.pro\/index.php\/nos-services\/"]}]},{"@type":"ImageObject","inLanguage":"fr-FR","@id":"https:\/\/aipc.pro\/index.php\/nos-services\/#primaryimage","url":"https:\/\/aipc.pro\/wp-content\/uploads\/2024\/05\/salle-de-bain-douche-baignoire-verte-scaled.jpeg","contentUrl":"https:\/\/aipc.pro\/wp-content\/uploads\/2024\/05\/salle-de-bain-douche-baignoire-verte-scaled.jpeg","width":1920,"height":2560,"caption":"Salle de bain avec douche et baignoire, Compi\u00e8gne (60)"},{"@type":"BreadcrumbList","@id":"https:\/\/aipc.pro\/index.php\/nos-services\/#breadcrumb","itemListElement":[{"@type":"ListItem","position":1,"name":"Accueil","item":"https:\/\/aipc.pro\/"},{"@type":"ListItem","position":2,"name":"Nos services"}]},{"@type":"WebSite","@id":"https:\/\/aipc.pro\/#website","url":"https:\/\/aipc.pro\/","name":"AIPC","description":"Avec plus de 12 ans d&#039;exp\u00e9rience, AIPC vous accompagne dans tous vos besoins de plomberie, chauffage, d\u00e9pannage et cr\u00e9ation de salle de bain, entre l&#039;Oise (60) et l&#039;Aisne (02) de Compi\u00e8gne \u00e0 Soissons.","publisher":{"@id":"https:\/\/aipc.pro\/#organization"},"potentialAction":[{"@type":"SearchAction","target":{"@type":"EntryPoint","urlTemplate":"https:\/\/aipc.pro\/?s={search_term_string}"},"query-input":{"@type":"PropertyValueSpecification","valueRequired":true,"valueName":"search_term_string"}}],"inLanguage":"fr-FR"},{"@type":"Organization","@id":"https:\/\/aipc.pro\/#organization","name":"AIPC","url":"https:\/\/aipc.pro\/","logo":{"@type":"ImageObject","inLanguage":"fr-FR","@id":"https:\/\/aipc.pro\/#\/schema\/logo\/image\/","url":"https:\/\/aipc.pro\/wp-content\/uploads\/2022\/08\/cropped-td_logo_blanc_2.png","contentUrl":"https:\/\/aipc.pro\/wp-content\/uploads\/2022\/08\/cropped-td_logo_blanc_2.png","width":1024,"height":1024,"caption":"AIPC"},"image":{"@id":"https:\/\/aipc.pro\/#\/schema\/logo\/image\/"}}]}},"_links":{"self":[{"href":"https:\/\/aipc.pro\/index.php\/wp-json\/wp\/v2\/pages\/142","targetHints":{"allow":["GET"]}}],"collection":[{"href":"https:\/\/aipc.pro\/index.php\/wp-json\/wp\/v2\/pages"}],"about":[{"href":"https:\/\/aipc.pro\/index.php\/wp-json\/wp\/v2\/types\/page"}],"author":[{"embeddable":true,"href":"https:\/\/aipc.pro\/index.php\/wp-json\/wp\/v2\/users\/1"}],"replies":[{"embeddable":true,"href":"https:\/\/aipc.pro\/index.php\/wp-json\/wp\/v2\/comments?post=142"}],"version-history":[{"count":7,"href":"https:\/\/aipc.pro\/index.php\/wp-json\/wp\/v2\/pages\/142\/revisions"}],"predecessor-version":[{"id":543,"href":"https:\/\/aipc.pro\/index.php\/wp-json\/wp\/v2\/pages\/142\/revisions\/543"}],"wp:attachment":[{"href":"https:\/\/aipc.pro\/index.php\/wp-json\/wp\/v2\/media?parent=142"}],"curies":[{"name":"wp","href":"https:\/\/api.w.org\/{rel}","templated":true}]}}